) = -3*p**2 - 11*p - 9. Determine q(-4).
-13
Let n(l) = -20*l + 95. What is n(19)?
-285
Let k(y) = -21*y - 417. What is k(-18)?
-39
Let q(b) = b**3 - 52*b**2 - 284*b - 22. Give q(57).
35
Let p(f) = -185*f + 998. Calculate p(5).
73
Let j(m) = -2*m**2 - 220*m + 8472. What is j(-140)?
72
Let s(q) = -2*q**3 - 29*q**2 + 30*q + 563. Calculate s(-14).
-53
Let h(w) = -w**3 - 5*w**2 - 4*w - 5. Calculate h(-4).
-5
Let k(d) = -3*d**3 - 12*d**2 - 4*d - 31. Give k(-4).
-15
Let d(l) = 169*l**2 - 20*l + 20. Give d(1).
169
Let q(w) = -1339*w - 5350. What is q(-4)?
6
Let x(y) = -2*y**3 - 90*y**2 + 94*y + 37. What is x(-46)?
-55
Let m(z) = -9*z**2 + 25*z + 59. Determine m(5).
-41
Let q(y) = -3*y**2 + 26*y + 12. Determine q(8).
28
Let p(a) = -89*a**2 + 147*a - 454. Calculate p(3).
-814
Let t(p) = -p**3 + 14*p**2 + 11*p - 8. Determine t(15).
-68
Let a(z) = 4186*z + 32. Give a(0).
32
Let i(f) = -2*f**3 - 5*f**2 - 16*f - 29. Calculate i(-3).
28
Let f(s) = 7*s**2 - 47*s + 44. Give f(6).
14
Let h(b) = 18*b**2 - 28*b - 83. What is h(4)?
93
Let h(w) = 13*w**2 - 4*w + 65. What is h(-7)?
730
Let z(p) = 1092*p - 3226. Determine z(3).
50
Let m(s) = -9*s + 85. What is m(-8)?
157
Let h(m) = 1291*m + 6448. What is h(-5)?
-7
Let y(p) = p**2 + 28*p + 130. Determine y(-23).
15
Let x(n) = n**3 - 20*n**2 - 213*n + 3314. What is x(23)?
2
Let y(k) = -11*k**2 - 20*k + 57. Determine y(-7).
-342
Let g(i) = i**3 - 118*i**2 - 416*i + 6412. Calculate g(121).
-1
Let t(m) = -49*m**3 - 3*m - 2. What is t(-1)?
50
Let p(l) = l**2 - 9*l - 114. Give p(16).
-2
Let q(k) = -10*k**3 + 5*k**2 - 1. Calculate q(-1).
14
Let g(n) = 14*n**2 + 37*n - 41. Calculate g(1).
10
Let l(z) = 152*z - 692. Give l(5).
68
Let x(f) = 2*f**3 - 9*f**2 + 8*f - 8. What is x(4)?
8
Let c(d) = d**2 + 14*d - 16. Determine c(1).
-1
Let x(u) = -31*u**2 + 15*u - 31. Give x(2).
-125
Let m(w) = -9*w - 191. Determine m(-17).
-38
Let y(c) = 2*c**2 + 6*c - 39. What is y(-18)?
501
Let a(v) = -v**3 + 385*v**2 - 27357*v + 279. What is a(94)?
-3
Let d(q) = -2*q**3 - 11*q**2 - 53*q - 514. Give d(-7).
4
Let n(t) = t**2 - 35*t + 206. What is n(0)?
206
Let a(j) = 10*j**2 + 3*j + 6. Determine a(-1).
13
Let p(v) = -v**3 + 15*v**2 - 31*v + 206. What is p(14)?
-32
Let t(u) = -2*u**2 + 62*u - 183. Determine t(27).
33
Let i(v) = -2*v**2 + v - 39. What is i(-4)?
-75
Let k(n) = -n**2 + 13*n - 25. Give k(8).
15
Let z(i) = -i**2 + 60*i + 1209. Determine z(76).
-7
Let d(t) = 2*t**3 + 4*t**2 + 2*t - 2. Give d(-2).
-6
Let y(q) = 4*q - 176. Give y(11).
-132
Let m(l) = -8*l**2 + 11*l - 26. Calculate m(4).
-110
Let u(w) = w**3 + 26*w**2 + 24*w - 49. Determine u(-25).
-24
Let k(l) = -3*l**3 - 44*l**2 + 16*l + 33. Give k(-15).
18
Let m(g) = -g**2 - g + 1405. What is m(-38)?
-1
Let l(v) = -6*v**3 + 7*v**2 - 3*v - 19. Calculate l(2).
-45
Let p(i) = 32470*i + 227296. Calculate p(-7).
6
Let d(i) = -19*i - 1271. Calculate d(-63).
-74
Let t(f) = -f**2 - 19*f + 256. Calculate t(-32).
-160
Let u(z) = -74*z**2 - 661*z + 9. Calculate u(-9).
-36
Let o(l) = -l**2 + 10*l + 5094. Determine o(76).
78
Let n(u) = 16*u - 1475. Calculate n(72).
-323
Let m(u) = 3*u**2 + 209*u + 222. What is m(-70)?
292
Let m(q) = -75*q + 59. Give m(2).
-91
Let n(o) = -8*o**3 - 3*o**2 + 13*o + 17. Calculate n(-1).
9
Let w(m) = -m**3 - 88*m**2 - 82*m + 227. Determine w(-87).
-208
Let i(o) = 3106*o + 18627. Calculate i(-6).
-9
Let y(r) = -496*r - 120. Give y(-1).
376
Let u(v) = -100*v**2 - v + 2. Give u(1).
-99
Let c(l) = -13*l + 580. Determine c(45).
-5
Let a(f) = -2*f**3 + 10*f**2 + 19*f + 69. Determine a(7).
6
Let d(x) = -33*x - 90. What is d(-5)?
75
Let l(z) = -818*z - 6513. Determine l(-8).
31
Let t(q) = -q**3 + 35*q**2 - 317*q + 119. Determine t(18).
-79
Let g(f) = 2*f**2 + 7*f + 23. Determine g(7).
170
Let g(x) = 2319*x - 20862. Calculate g(9).
9
Let r(v) = 2*v**2 + 58*v - 1433. What is r(16)?
7
Let i(u) = 2*u**3 + 133*u**2 + 191*u + 26854. What is i(-68)?
-6
Let r(x) = -x**3 - 11*x**2 + 13543*x + 115. Calculate r(-122).
-7
Let i(o) = 208*o - 5616. What is i(27)?
0
Let q(a) = -43*a - 3309. Give q(-77).
2
Let d(m) = 468*m - 10245. Calculate d(22).
51
Let q(f) = 34*f**2 - 42*f + 288. Calculate q(6).
1260
Let l(p) = -203*p - 3682. Give l(-18).
-28
Let u(g) = 16*g + 528. What is u(-34)?
-16
Let f(b) = b**2 - 27*b - 24. What is f(28)?
4
Let s(w) = -w**3 - 34*w**2 + 630*w + 882. Calculate s(-47).
-11
Let k(c) = c**3 + 9*c**2 + 38*c + 132. Give k(-11).
-528
Let x(j) = -3*j**3 + 26*j**2 - 45*j - 14. Calculate x(5).
36
Let y(g) = 2488*g + 12534. What is y(-5)?
94
Let o(p) = -2*p**2 - 132*p - 84. Calculate o(-65).
46
Let n(q) = 2*q**3 - 24*q**2 + 11*q - 189. Give n(12).
-57
Let i(g) = g - 105. Calculate i(-27).
-132
Let v(r) = -r**2 + 3574*r - 17859. Determine v(5).
-14
Let s(x) = -11*x - 259. Determine s(-14).
-105
Let i(o) = 2*o**3 + 13*o**2 + 24*o. Calculate i(-5).
-45
Let a(y) = -110*y + 1202. Calculate a(11).
-8
Let n(b) = 74*b - 720. Determine n(10).
20
Let o(l) = l**3 + 4*l**2 - 2*l - 38. Calculate o(-5).
-53
Let l(c) = 9*c**2 + 88*c - 322. Determine l(3).
23
Let r(z) = 24*z**3 + 6*z**2 - 224*z + 219. Give r(1).
25
Let q(s) = -4*s**2 + 207*s + 1511. Determine q(-7).
-134
Let w(t) = t**3 + 10*t**2 - 5*t - 17. What is w(-13)?
-459
Let u(c) = 4*c**3 - 94*c**2 + 48*c - 23. Calculate u(23).
23
Let o(y) = -12*y**2 - 329*y + 134. Determine o(-28).
-62
Let v(i) = 446*i - 898. Give v(2).
-6
Let z(s) = -172*s + 4256. What is z(25)?
-44
Let s(h) = -h**3 - 8*h**2 - 86*h - 447. Determine s(-5).
-92
Let o(q) = -q**3 - 14*q**2 - 2*q - 254. Give o(-15).
1
Let n(q) = -5*q**2 + 530*q + 4. Give n(106).
4
Let w(m) = -4*m**2 - 8*m + 48. Determine w(5).
-92
Let q(k) = 2*k**3 + 6*k**2 - 19. What is q(5)?
381
Let n(m) = -3*m**2 + 2*m - 19. Give n(3).
-40
Let s(o) = -91*o**2 + 7274*o + 497. Determine s(80).
17
Let j(q) = -25*q + 23. Give j(1).
-2
Let z(a) = -194*a - 3981. Determine z(-19).
-295
Let q(i) = 3*i - 289. Determine q(-59).
-466
Let l(g) = -77*g - 938. Calculate l(-10).
-168
Let q(g) = 10*g**3 - 512*g**2 + 99*g + 154. Give q(51).
1
Let n(q) = 12*q**2 - 194*q - 194. What is n(-1)?
12
Let u(v) = -79*v - 7178. What is u(-91)?
11
Let i(y) = 12*y**2 - 422*y + 3339. Give i(12).
3
Let i(d) = -d**3 + 27*d**2 - 29*d - 59. Give i(26).
-137
Let m(k) = -217*k - 3895. Determine m(-18).
11
Let n(w) = -220*w - 9. Give n(0).
-9
Let c(w) = w**2 - 112*w + 265. Give c(109).
-62
Let s(b) = b**3 - 5*b**2 - 15*b - 6. Calculate s(-4).
-90
Let l(d) = -8*d**2 - 48*d - 61. Determine l(-4).
3
Let k(q) = -q**3 + 47*q**2 + 150*q + 85. What is k(50)?
85
Let d(i) = -i + 12. Give d(-7).
19
Let g(b) = -3*b**3 + 9*b**2 + 21*b - 1. Give g(-2).
17
Let l(z) = -z**2 - 28*z - 469. What is l(-19)?
-298
Let s(w) = -w**3 + 47*w**2 + w - 47. Calculate s(47).
0
Let f(q) = 3*q**2 - 335*q - 431. What is f(113)?
21
Let c(t) = 33*t - 249. Determine c(7).
-18
Let q(d) = -366*d + 3621. Give q(10).
-39
Let m(z) = 11*z + 332. Determine m(0).
332
Let z(n) = -n**2 - 341*n - 6104. Calculate z(-19).
14
Let h(d) = d**3 - 35*d**2 - 34*d - 1499. What is h(37)?
-19
Let g(h) = -h**2 + 48*h + 90. Calculate g(32).
602
Let v(c) = -c**3 - 226*c**2 + 3360*c - 7. Determine v(14).
-7
Let n(m) = -6*m - 14. Give n(-17).
88
Let w(c) = -c**3 + 6*c**2 + 28*c - 144. Calculate w(7).
3
Let z(x) = -90*x + 1706. What is z(19)?
-4
Let a(g) = g**2 - 20*g + 754. What is a(0)?
754
Let y(b) = b**2 + 85*b + 1045. Calculate y(-69).
-59
Let s(z) = z**3 + 80*z**2 - 163*z + 92. What is s(-82)?
10
Let a(u) = u**2 + 2*u - 588. Calculate a(23).
-13
Let v(s) = s - 68. Determine v(67).
-1
Let i(u) = -u**3 + 18*u**2 - 23*u - 122. What is i(16)?
22
Let b(d) = -d**3 - 15*d**2 + 874*d + 3. Calculate b(23).
3
Let r(q) = 4*q**2 + 142*q + 133. Give r(-1).
-5
Let c(m) = -27*m + 950. Calculate c(38).
-76
Let h(k) = -2268*k + 40822. Give h(18).
-2
Let l(d) = d**3 - 30*d**2 + 146*d - 56. Give l(24).
-8
Let l(f) = -f**3 + 2*f**2 - 3*f + 15. What is l(0)?
15
Let i(v) = 129*v - 767. Give i(6).
7
Let v(x) = x**3 + 91*x**2 + 1368*x + 16. Calculate v(-19).
16
Let k(c) = 268*c - 2939. Determine k(11).
9
Let s(m) = 10*m**3 + 106*m**2 + 59*m - 22. What is s(-10)?
-12
Let m(v) = -144*v - 486. Determine m(-3).
-54
Let a(q) = q**2 - 66*q + 1076. Calculate a(31).
-9
Let y(m) = -20*m - 144. What is y(-6)?
-24
Let b(f) = 